{"id":7763,"date":"2025-04-10T08:48:21","date_gmt":"2025-04-10T06:48:21","guid":{"rendered":"https:\/\/www.chlaus.org\/?page_id=7763"},"modified":"2025-04-10T08:48:21","modified_gmt":"2025-04-10T06:48:21","slug":"in-memoriam-juerg-naef","status":"publish","type":"page","link":"https:\/\/www.chlaus.org\/?page_id=7763","title":{"rendered":"In Memoriam J\u00fcrg N\u00e4f"},"content":{"rendered":"<p>In stiller Trauer nehmen wir Abschied von unserem Samichlaus J\u00fcrg N\u00e4f.<\/p>\n<p><a href=\"https:\/\/www.chlaus.org\/wp-content\/uploads\/2025\/04\/Juerg_Naef.jpg\"><img loading=\"lazy\" decoding=\"async\" class=\"alignnone size-medium wp-image-7766\" src=\"https:\/\/www.chlaus.org\/wp-content\/uploads\/2025\/04\/Juerg_Naef-265x300.jpg\" alt=\"\" width=\"265\" height=\"300\" srcset=\"https:\/\/www.chlaus.org\/wp-content\/uploads\/2025\/04\/Juerg_Naef-265x300.jpg 265w, https:\/\/www.chlaus.org\/wp-content\/uploads\/2025\/04\/Juerg_Naef-909x1030.jpg 909w, https:\/\/www.chlaus.org\/wp-content\/uploads\/2025\/04\/Juerg_Naef-768x870.jpg 768w, https:\/\/www.chlaus.org\/wp-content\/uploads\/2025\/04\/Juerg_Naef-1355x1536.jpg 1355w, https:\/\/www.chlaus.org\/wp-content\/uploads\/2025\/04\/Juerg_Naef-1807x2048.jpg 1807w, https:\/\/www.chlaus.org\/wp-content\/uploads\/2025\/04\/Juerg_Naef-1324x1500.jpg 1324w, https:\/\/www.chlaus.org\/wp-content\/uploads\/2025\/04\/Juerg_Naef-622x705.jpg 622w, https:\/\/www.chlaus.org\/wp-content\/uploads\/2025\/04\/Juerg_Naef-450x510.jpg 450w, https:\/\/www.chlaus.org\/wp-content\/uploads\/2025\/04\/Juerg_Naef-600x680.jpg 600w\" sizes=\"auto, (max-width: 265px) 100vw, 265px\" \/><\/a><\/p>\n<p>Du bist nicht mehr da, wo du warst,\u00a0aber du bist \u00fcberall, wo wir sind.<\/p>\n<p>&nbsp;<\/p>\n<p>&nbsp;<\/p>\n","protected":false},"excerpt":{"rendered":"<p>In stiller Trauer nehmen wir Abschied von unserem Samichlaus J\u00fcrg N\u00e4f. Du bist nicht mehr da, wo du warst,\u00a0aber du bist \u00fcberall, wo wir sind. &nbsp; &nbsp;<\/p>\n","protected":false},"author":10,"featured_media":0,"parent":0,"menu_order":0,"comment_status":"closed","ping_status":"closed","template":"","meta":{"footnotes":""},"class_list":["post-7763","page","type-page","status-publish","hentry"],"_links":{"self":[{"href":"https:\/\/www.chlaus.org\/index.php?rest_route=\/wp\/v2\/pages\/7763","targetHints":{"allow":["GET"]}}],"collection":[{"href":"https:\/\/www.chlaus.org\/index.php?rest_route=\/wp\/v2\/pages"}],"about":[{"href":"https:\/\/www.chlaus.org\/index.php?rest_route=\/wp\/v2\/types\/page"}],"author":[{"embeddable":true,"href":"https:\/\/www.chlaus.org\/index.php?rest_route=\/wp\/v2\/users\/10"}],"replies":[{"embeddable":true,"href":"https:\/\/www.chlaus.org\/index.php?rest_route=%2Fwp%2Fv2%2Fcomments&post=7763"}],"version-history":[{"count":2,"href":"https:\/\/www.chlaus.org\/index.php?rest_route=\/wp\/v2\/pages\/7763\/revisions"}],"predecessor-version":[{"id":7771,"href":"https:\/\/www.chlaus.org\/index.php?rest_route=\/wp\/v2\/pages\/7763\/revisions\/7771"}],"wp:attachment":[{"href":"https:\/\/www.chlaus.org\/index.php?rest_route=%2Fwp%2Fv2%2Fmedia&parent=7763"}],"curies":[{"name":"wp","href":"https:\/\/api.w.org\/{rel}","templated":true}]}}